False
Let h = 727042 - 180869. Is h composite?
False
Let i be 2/3*6/4. Let r = 29 - i. Suppose 876 = 32*g - r*g. Is g a prime number?
False
Let y(w) = w**2 - 117. Let z be y(11). Suppose 6848 = z*o - 6060. Is o a prime number?
False
Let m = 41 - 42. Let t be m/(-1*(-1)/(-5901)). Suppose -5*u + t = 2*u. Is u composite?
True
Let r be (-4)/((1/18)/(13/(-39))). Suppose 3*a - 2*z + 3*z = -24, 0 = 5*a + 4*z + 33. Is 556/3 - (r/a + 3) a composite number?
True
Suppose -5*c + 1675 = 5*y - c, 2*y + 4*c = 658. Suppose y = -2*o - 217. Let r = o + 457. Is r prime?
True
Suppose -32*g - 27*g - 3888 = -11*g. Suppose 3*s - 208 = 80. Let r = s + g. Is r prime?
False
Let x(m) = -25*m + 40. Let f(q) = -5*q**2 + 4*q + 3. Let a be f(-1). Let n(r) = 26*r - 40. Let b(t) = a*n(t) - 5*x(t). Is b(-13) a composite number?
False
Let y(x) = 7103*x - 14657. Is y(92) composite?
False
Suppose 0 = 37*c - 5393495 + 680916. Is c a composite number?
True
Let w = 24421 - -2350. Is w prime?
False
Is (-19)/(-1) - 2280992/(-14) a composite number?
False
Let s = -76 - -78. Suppose 12 = -4*u - 0*u + 3*b, -s*u = -b + 4. Suppose -3*g + 5*p + 854 = -u*g, 4*p = -g + 313. Is g prime?
True
Let l = 7 - 2. Let z be l - (-65 - -1) - (0 - -1). Is 75565/z - (-2)/(-8) composite?
True
Let x = 2627953 - 1147964. Is x composite?
True
Let b(c) = -c**2 + 5*c - 4. Let a be b(3). Suppose -a = -0*x + x, -5*k - 2*x = 19. Is ((-10)/4 - k)*62 - 0 composite?
False
Suppose 0 = 3*m + 3*k - 4 - 5, 4*k - 12 = -m. Let z(t) = -t + 7. Let y be z(m). Suppose y*u - 553 = 6*u. Is u a composite number?
True
Let x(v) = -v**3 + 11*v**2 - v + 13. Suppose 5 = -2*r + 27. Let i be x(r). Suppose 4*w - 400 = -i*o, -3*w = -o + w + 182. Is o a composite number?
True
Let k(s) = 513*s + 90. Let a be k(6). Let o = a + -499. Is o a prime number?
False
Let a(c) = 18*c**2 + 75*c + 431. Is a(-24) prime?
True
Let l(y) be the second derivative of -7*y**5/10 + y**4/4 + 11*y**3/6 + 77*y**2/2 + 162*y. Is l(-5) prime?
True
Suppose 8*w = b + 5*w - 5546, -w - 4 = 0. Is b prime?
False
Let m = -61987 - -144954. Is m composite?
True
Let h be (0 - -95) + (-15)/5. Let k = h - 173. Let w = k - -284. Is w a prime number?
False
Let n = 99750 + 583151. Is n a prime number?
True
Let q be (-1)/((-4)/(-20)*-1). Let s be (-1)/((-1 + -6)/21). Suppose -q*r - 231 = -4*y, s*y + r = 2*r + 176. Is y composite?
False
Is (1 + 6)*(1803338/14 + (400 - 384)) a composite number?
False
Let u = 72 + -86. Let w(n) = 243*n - 8. Let b be w(-2). Is (3 - b)*(-4)/u prime?
False
Let x(h) = 11314*h + 29. Let j(d) = 5657*d + 15. Let a(t) = -5*j(t) + 3*x(t). Is a(1) a prime number?
True
Suppose -2*q - 3 = -q, -3*q + 21 = 2*c. Suppose 11*v + 4780 = c*v. Let a = v + -612. Is a a prime number?
False
Is -893169*((-28)/(-42))/(-2) prime?
False
Let d = 583105 + -37854. Is d a prime number?
False
Suppose i - 5 = -j - 3*j, 0 = 4*j + 2*i - 10. Suppose c - 4*k + 11 = j, -2*c = -4*c - 2*k + 18. Suppose -c*m + m = -4388. Is m prime?
True
Let j(w) = -829*w**2 - 4*w - 3. Let d be j(-1). Let o = d - -3673. Is o composite?
True
Let i be 37356/165 + 1/5*3. Suppose 230*t - i*t = 15891. Is t a composite number?
False
Let l = 27887 - 324. Is l prime?
False
Suppose -402015 = 87*v - 194*v + 92*v. Is v composite?
False
Let a = -3659 + -134. Let w = -1970 - a. Is w composite?
False
Let v(a) = 8218*a**2 + 165*a + 1003. Is v(-6) a prime number?
True
Let w = -242 - -256. Suppose 0 = -w*g + 50782 + 21192. Is g composite?
True
Suppose 4*r - 74764 = 4*w, 5 + 11 = -4*w. Is r prime?
False
Let w(k) = k**3 + k**2 + 26*k + 35654. Is w(0) a composite number?
True
Suppose -6227*v - 107419 = -6240*v. Is v a prime number?
True
Let l(o) = o**3 + 46*o**2 - 18*o - 75. Suppose -5*i - 5*w = 215, 4*i + 280 = 3*w + 87. Is l(i) a composite number?
True
Suppose 5*i - 20*r = -21*r + 2217051, 3*i - 1330229 = -r. Is i composite?
True
Let l(s) = 6*s**2 + 4*s + 4. Let x be l(-1). Suppose 3*z + 723 = x*z + 5*y, 2*y = z - 252. Let d = z + -65. Is d a prime number?
True
Let k(r) be the second derivative of 29*r**6/120 - 3*r**5/40 - r**4/24 - 29*r**3/6 + 21*r. Let s(t) be the second derivative of k(t). Is s(-3) prime?
True
Suppose -3408809 + 626004 = -94*h + 329253. Is h prime?
True
Let u(s) = 41*s**2 - 13*s + 7. Let q be u(-6). Suppose -18 = -6*j + 42. Suppose 11*i = j*i + q. Is i composite?
True
Let w be -3 + (-1141)/(-5) - 6/30. Let z = 1598 + w. Is z a composite number?
False
Suppose 503*f = 496*f + 432971. Is f prime?
False
Let s(a) = 3*a**3 - 79*a**2 - 10*a + 309. Is s(34) a prime number?
True
Let s = 182670 - 7457. Is s prime?
False
Let s = 17 - 24. Let l(h) = h**3 + 5*h**2 - 12*h + 16. Let q be l(s). Suppose 202 = q*o + 64. Is o a composite number?
True
Suppose -2*p = -5*l - 501928, -43*p - 251003 = -44*p - 4*l. Is p prime?
True
Let c(a) = -42 + 10*a**2 + 19*a + 44 - 97. Is c(22) composite?
True
Suppose -34734*z - 7596 = -34752*z. Is z prime?
False
Suppose 81*u = 39835560 + 3147657. Is u a composite number?
True
Suppose 10 = -25*v + 27*v. Suppose -9 + 14 = v*o. Is (o/2)/(1/1858) prime?
True
Let k = 489895 + 1650820. Is k prime?
False
Suppose -b + 6*b = 5. Let p be 1/b - (-35)/(-7). Is 254/(2 + (p - -4)) composite?
False
Let g be ((-33)/(-6))/((-30)/(-4) - 7). Suppose -8*a + 16009 = n - g*a, -4*a = -4*n + 64036. Is n a composite number?
True
Suppose 1915 = -4*y + 3*y. Let w be (18/(-4))/((-141)/(-16168)). Let f = w - y. Is f a composite number?
False
Suppose 0 = 572*u - 553*u - 76. Let s be 1/(0 - -1) + 386. Suppose s - 79 = u*v. Is v a prime number?
False
Suppose 3*b + 5 = 11, -22 = -2*j - 5*b. Let u(y) = 33*y**3 + 4*y**2 + 11*y - 17. Is u(j) a prime number?
True
Let f = -185277 - -344768. Is f a composite number?
False
Let j(f) = 108*f**2 - 2*f - 15. Let q = 10 - 13. Let l be j(q). Suppose -14*a - l = -13073. Is a composite?
True
Suppose 2*h = -3*v + 437696, 8*v - h = 3*v + 729515. Suppose 0 = 10*f - 4*f - v. Is f prime?
True
Let u(t) = -7*t**2 + 6*t - 5. Let r be u(5). Let h be ((-9)/1)/((-10)/r). Let y = 204 + h. Is y a composite number?
True
Let k(h) = 64*h**2 + 13. Let p be k(-3). Suppose -58*o = -57*o - p. Suppose -m - 756 = -2*s - 161, -3*m - o = -2*s. Is s prime?
False
Let z(g) = -g - 2. Let k(t) = 40*t**2 - 6*t - 9. Let a(u) = k(u) + 3*z(u). Is a(8) composite?
False
Let l = -43 + 61. Suppose 12866 = -l*y + 20*y. Is y a composite number?
True
Let a be 15/4 + 1/4. Let t(f) = 348*f + 288. Let q be t(3). Suppose 5*x - a*i + 161 = 1800, -4*x - 2*i = -q. Is x prime?
True
Let x = -391 - -391. Suppose -q - 134 + 432 = x. Is q composite?
True
Suppose -3*t + t = 5*x - 17, 4*t + 5*x = 9. Is (t/24*14163)/((-1)/2) composite?
False
Let s(x) = 6355*x - 43. Let m be s(-3). Let b = -10607 - m. Is b composite?
False
Let w(h) = -h**3 - 18*h**2 - 29*h - 1. Let f(v) = 3*v**2 - 48*v - 17. Let a be f(16). Is w(a) a composite number?
True
Suppose r = -3*u + 6003, -30035 = -r - 4*r - 5*u. Let l = r - 2031. Suppose -2*z - 4*c = -l, 0 = -z - c - 1060 + 3044. Is z composite?
False
Suppose p - 3*q - 11523 = 2993, 0 = 4*q - 4. Is p composite?
False
Suppose 107*r - 14415712 + 5889803 - 11384972 = 0. Is r a prime number?
False
Let j(h) = -6*h**3 + h**2 + 13*h + 13. Let a be j(-1). Suppose 4*n + 41228 = 4*l, -20614 = a*l - 9*l - 2*n. Is l prime?
False
Let y = -274 - -306. Is y/(-14) + 2/7 - -5760 prime?
False
Suppose 149*a = 40453450 - 868769. Is a a composite number?
True
Suppose -15*o + 56202 = -9822 - 41991. Is o prime?
False
Let t = -44191 + 99102. Is t a prime number?
False
Let f(q) = 2*q**3 + 200*q**2 - 19*q - 636. Is f(-91) prime?
True
Suppose -139322 = 4*s + 2*w, 4*s - w + 174149 = -s. Let d = s + 50151. Is d composite?
True
Let r be ((-5)/(-5) - 13)*1/2. Let n be (-2)/r*-2 + 13/(-3). Is 2 + (2/(-10) - 6836/n) a composite number?
True
Let q be -1308*15 - 36/(-9). Let d = q + 27483. Is d a prime number?
True
Let n(l) be the second derivative of -911*l**4/12 - l**3/6 - l**2 - 22*l. Let r be n(-2). Is ((r/(-3))/(-2))/(28/(-42)) a composite number?
False
Is 7/5 - 1913070/(-1075) composite?
True
Let p(b) = 951*b**2 + 3*b + 49. Is p(12) composite?
False
Let k(p) = -7722*p - 4145. Is k(-9) composite?
False
Is (-2 - (225/12 - 1))/((-35)/62860) a composite number?
True
Suppose 6*k - 3*k = 2*q - 1277, -3*q + 2*k = -1913. Suppose 215 + q = 12*p. Is p